{"id":101533,"date":"2020-08-14T12:43:02","date_gmt":"2020-08-14T10:43:02","guid":{"rendered":"https:\/\/rattio.es\/?post_type=product&#038;p=101533"},"modified":"2026-04-10T15:42:32","modified_gmt":"2026-04-10T13:42:32","slug":"cd-still-ill-allo-que-mai-no-mor","status":"publish","type":"product","link":"https:\/\/rattio.es\/ca\/still-ill\/cd-still-ill-allo-que-mai-no-mor\/","title":{"rendered":"CD Still ill \u00abAll\u00f2 que mai no mor\u00bb"},"content":{"rendered":"<p>CD All\u00f2 que mai no mor &#8211; Still ill<\/p>\n<p>Disc de 9 can\u00e7ons originals de Still ill, membre de L\u00e1grimas de Sangre. Primer disc en solitari de l&#8217;artista, escrit en per\u00edode de confinament de l&#8217;any 2020, amb produccions de Acid Lemon, RamaLama, Ricard Cots i Aut\u00e8ntic home ll\u00fadriga.<\/p>\n<p>Inclou llibret amb totes les lletres i poster interior.<\/p>","protected":false},"excerpt":{"rendered":"<p>Nuevo CD \u00abAll\u00f2 que mai no mor\u00bb de Still ill (Guspira Records 2020)<\/p>","protected":false},"featured_media":151615,"template":"","meta":{"_acf_changed":false,"_uag_custom_page_level_css":"","site-sidebar-layout":"default","site-content-layout":"","ast-site-content-layout":"default","site-content-style":"default","site-sidebar-style":"default","ast-global-header-display":"","ast-banner-title-visibility":"","ast-main-header-display":"","ast-hfb-above-header-display":"","ast-hfb-below-header-display":"","ast-hfb-mobile-header-display":"","site-post-title":"","ast-breadcrumbs-content":"","ast-featured-img":"","footer-sml-layout":"","ast-disable-related-posts":"","theme-transparent-header-meta":"","adv-header-id-meta":"","stick-header-meta":"","header-above-stick-meta":"","header-main-stick-meta":"","header-below-stick-meta":"","astra-migrate-meta-layouts":"default","ast-page-background-enabled":"default","ast-page-background-meta":{"desktop":{"background-color":"var(--ast-global-color-5)","background-image":"","background-repeat":"repeat","background-position":"center center","background-size":"auto","background-attachment":"scroll","background-type":"","background-media":"","overlay-type":"","overlay-color":"","overlay-opacity":"","overlay-gradient":""},"tablet":{"background-color":"","background-image":"","background-repeat":"repeat","background-position":"center center","background-size":"auto","background-attachment":"scroll","background-type":"","background-media":"","overlay-type":"","overlay-color":"","overlay-opacity":"","overlay-gradient":""},"mobile":{"background-color":"","background-image":"","background-repeat":"repeat","background-position":"center center","background-size":"auto","background-attachment":"scroll","background-type":"","background-media":"","overlay-type":"","overlay-color":"","overlay-opacity":"","overlay-gradient":""}},"ast-content-background-meta":{"desktop":{"background-color":"var(--ast-global-color-4)","background-image":"","background-repeat":"repeat","background-position":"center center","background-size":"auto","background-attachment":"scroll","background-type":"","background-media":"","overlay-type":"","overlay-color":"","overlay-opacity":"","overlay-gradient":""},"tablet":{"background-color":"var(--ast-global-color-4)","background-image":"","background-repeat":"repeat","background-position":"center center","background-size":"auto","background-attachment":"scroll","background-type":"","background-media":"","overlay-type":"","overlay-color":"","overlay-opacity":"","overlay-gradient":""},"mobile":{"background-color":"var(--ast-global-color-4)","background-image":"","background-repeat":"repeat","background-position":"center center","background-size":"auto","background-attachment":"scroll","background-type":"","background-media":"","overlay-type":"","overlay-color":"","overlay-opacity":"","overlay-gradient":""}}},"product_brand":[242],"product_cat":[236,167],"product_tag":[],"class_list":{"0":"post-101533","1":"product","2":"type-product","3":"status-publish","4":"has-post-thumbnail","6":"product_brand-rattio","7":"product_cat-still-ill","8":"product_cat-lagrimas-de-sangre","9":"desktop-align-left","10":"tablet-align-left","11":"mobile-align-left","12":"ast-product-gallery-layout-vertical-slider","13":"ast-product-gallery-with-no-image","15":"first","16":"instock","17":"sale","18":"taxable","19":"shipping-taxable","20":"purchasable","21":"product-type-simple"},"composite_virtual":false,"composite_layout":"","composite_add_to_cart_form_location":"","composite_editable_in_cart":false,"composite_sold_individually_context":"","composite_shop_price_calc":"","composite_components":[],"composite_scenarios":[],"acf":[],"spectra_custom_meta":{"_edit_lock":["1623750089:13"],"_edit_last":["13"],"_genesis_scripts_body_position":["bottom"],"_regular_price":["10"],"total_sales":["123"],"_tax_status":["taxable"],"_tax_class":[""],"_manage_stock":["yes"],"_backorders":["no"],"_sold_individually":["no"],"_virtual":["no"],"_downloadable":["no"],"_download_limit":["-1"],"_download_expiry":["-1"],"_stock":["176"],"_stock_status":["instock"],"_wc_average_rating":["0"],"_wc_review_count":["0"],"_product_version":["10.6.2"],"_price":["10"],"_yoast_wpseo_primary_product_cat":["236"],"_yoast_wpseo_focuskw":["allo que mai no mor"],"_yoast_wpseo_metadesc":["CD All\u00f2 que mai no mor - Still illDisc de 9 can\u00e7ons originals de Still ill, membre de L\u00e1grimas de Sangre. Primer disc en solitari de l'artista, escrit en priode de confinament de l'any 2020, amb produccions de Acid Lemon, RamaLama, Ricard Cots i Aut\u00e8ntic home ll\u00fadriga. Inclou llibret amb totes les lletres i poster interior."],"_yoast_wpseo_linkdex":["31"],"_coupon_title":["a:0:{}"],"_thumbnail_id":["151615"],"_weight":["0.15"],"fb_product_group_id":["3413315688711436"],"fb_visibility":["1"],"rank_math_primary_product_cat":["236"],"rank_math_description":["CD All\u00f2 que mai no mor - Still illDisc de 9 can\u00e7ons originals de Still ill, membre de L\u00e1grimas de Sangre. Primer disc en solitari de l'artista, escrit en priode de confinament de l'any 2020, amb produccions de Acid Lemon, RamaLama, Ricard Cots i Aut\u00e8ntic home ll\u00fadriga. Inclou llibret amb totes les lletres i poster interior."],"rank_math_focus_keyword":["allo que mai no mor"],"rank_math_news_sitemap_robots":["index"],"rank_math_robots":["a:1:{i:0;s:5:\"index\";}"],"rank_math_seo_score":["67"],"_uag_css_file_name":["uag-css-101533.css"],"_uag_page_assets":["a:9:{s:3:\"css\";s:0:\"\";s:2:\"js\";s:0:\"\";s:18:\"current_block_list\";a:1:{i:0;s:26:\"polylang\/language-switcher\";}s:8:\"uag_flag\";b:0;s:11:\"uag_version\";s:10:\"1777463900\";s:6:\"gfonts\";a:0:{}s:10:\"gfonts_url\";s:0:\"\";s:12:\"gfonts_files\";a:0:{}s:14:\"uag_faq_layout\";b:0;}"]},"uagb_featured_image_src":{"full":["https:\/\/rattio.es\/wp-content\/uploads\/2020\/08\/still-ill-cd-2.webp",1080,1307,false],"thumbnail":["https:\/\/rattio.es\/wp-content\/uploads\/2020\/08\/still-ill-cd-2-124x150.webp",124,150,true],"medium":["https:\/\/rattio.es\/wp-content\/uploads\/2020\/08\/still-ill-cd-2-297x360.webp",297,360,true],"medium_large":["https:\/\/rattio.es\/wp-content\/uploads\/2020\/08\/still-ill-cd-2.webp",768,929,false],"large":["https:\/\/rattio.es\/wp-content\/uploads\/2020\/08\/still-ill-cd-2-578x700.webp",578,700,true],"1536x1536":["https:\/\/rattio.es\/wp-content\/uploads\/2020\/08\/still-ill-cd-2.webp",1080,1307,false],"2048x2048":["https:\/\/rattio.es\/wp-content\/uploads\/2020\/08\/still-ill-cd-2.webp",1080,1307,false],"trp-custom-language-flag":["https:\/\/rattio.es\/wp-content\/uploads\/2020\/08\/still-ill-cd-2.webp",10,12,false],"woocommerce_thumbnail":["https:\/\/rattio.es\/wp-content\/uploads\/2020\/08\/still-ill-cd-2-360x436.webp",360,436,true],"woocommerce_single":["https:\/\/rattio.es\/wp-content\/uploads\/2020\/08\/still-ill-cd-2-700x847.webp",700,847,true],"woocommerce_gallery_thumbnail":["https:\/\/rattio.es\/wp-content\/uploads\/2020\/08\/still-ill-cd-2-100x100.webp",100,100,true]},"uagb_author_info":{"display_name":"Ester V\u00e9rtigo","author_link":"https:\/\/rattio.es\/ca\/author\/"},"uagb_comment_info":0,"uagb_excerpt":"Nuevo CD \"All\u00f2 que mai no mor\" de Still ill (Guspira Records 2020)","_links":{"self":[{"href":"https:\/\/rattio.es\/ca\/wp-json\/wp\/v2\/product\/101533","targetHints":{"allow":["GET"]}}],"collection":[{"href":"https:\/\/rattio.es\/ca\/wp-json\/wp\/v2\/product"}],"about":[{"href":"https:\/\/rattio.es\/ca\/wp-json\/wp\/v2\/types\/product"}],"wp:featuredmedia":[{"embeddable":true,"href":"https:\/\/rattio.es\/ca\/wp-json\/wp\/v2\/media\/151615"}],"wp:attachment":[{"href":"https:\/\/rattio.es\/ca\/wp-json\/wp\/v2\/media?parent=101533"}],"wp:term":[{"taxonomy":"product_brand","embeddable":true,"href":"https:\/\/rattio.es\/ca\/wp-json\/wp\/v2\/product_brand?post=101533"},{"taxonomy":"product_cat","embeddable":true,"href":"https:\/\/rattio.es\/ca\/wp-json\/wp\/v2\/product_cat?post=101533"},{"taxonomy":"product_tag","embeddable":true,"href":"https:\/\/rattio.es\/ca\/wp-json\/wp\/v2\/product_tag?post=101533"}],"curies":[{"name":"wp","href":"https:\/\/api.w.org\/{rel}","templated":true}]}}

CD Still ill «Allò que mai no mor»

<p>CD Allò que mai no mor &#8211; Still ill</p>
<p>Disc de 9 cançons originals de Still ill, membre de Lágrimas de Sangre. Primer disc en solitari de l&#8217;artista, escrit en període de confinament de l&#8217;any 2020, amb produccions de Acid Lemon, RamaLama, Ricard Cots i Autèntic home llúdriga.</p>
<p>Inclou llibret amb totes les lletres i poster interior.</p>

<p>Nuevo CD «Allò que mai no mor» de Still ill (Guspira Records 2020)</p>

CD Allò que mai no mor - Still illDisc de 9 cançons originals de Still ill, membre de Lágrimas de Sangre. Primer disc en solitari de l'artista, escrit en priode de confinament de l'any 2020, amb produccions de Acid Lemon, RamaLama, Ricard Cots i Autèntic home llúdriga. Inclou llibret amb totes les lletres i poster interior.

Ester Vértigo

Nuevo CD "Allò que mai no mor" de Still ill (Guspira Records 2020)
